{"id":36,"date":"2016-01-25T23:14:05","date_gmt":"2016-01-25T22:14:05","guid":{"rendered":"http:\/\/blogg.telemarkrkh.no\/?page_id=36"},"modified":"2023-03-29T17:54:00","modified_gmt":"2023-03-29T15:54:00","slug":"om-trkh","status":"publish","type":"page","link":"https:\/\/blog.telemarkrkh.no\/?page_id=36","title":{"rendered":"Presse"},"content":{"rendered":"<p><script type=\"text\/javascript\"> function style_array_replace488() { return \"none\" } function end488_() { document.getElementById('kvp488').style.display = style_array_replace488() } <\/script><br \/>\nInformasjon til pressen fra Telemark R\u00f8de Kors Hjelpekorps<\/p>\n<ul>\n<li>Informasjonen p\u00e5 denne siden kan ansees som offisiell informasjon fra Telemark R\u00f8de Kors Hjelpekorps<\/li>\n<li>Benyttes informasjonen \u00f8nsker vi ogs\u00e5 at det refereres til v\u00e5re nettsider i artiklene.<\/li>\n<li>Bilder kan publiseres i nettaviser, papiraviser og sosiale medier. Annen bruk skal avklares. Fotograf p\u00e5 bildet skal navngis. Hvis navn ikke er angitt skal Foto: Telemark R\u00f8de Kors Hjelpekorps brukes<\/li>\n<li>Telemark R\u00f8de Kors Informasjonssentral kan kontaktes p\u00e5 telefonnummer: 88003590 eller p\u00e5 infosentral@telemarkrkh.no.<\/li>\n<li>Vi vil hver ettermiddag\/kveld i perioden l\u00f8rdag 01.04 t.o.m. mandag 10.04 \u00a0publisere en status for aktiviteten i Telemark.<\/li>\n<li>Hvis det \u00f8nskes lokale saker kan vi bist\u00e5 med \u00e5 videreformidle henvendelsen.<\/li>\n<li>Form\u00e5let med denne bloggen er at informasjonen fra Telemark R\u00f8de Kors Hjelpekorps n\u00e5r ut til \u00e5 mange som mulig. Vi h\u00e5per derfor at informasjon og bilder som er hentet\u00a0fra denne bloggen\u00a0legges p\u00e5 \u00e5pne artikler.<\/li>\n<\/ul>\n<p><script type=\"text\/javascript\"> end488_() <\/script><\/p>\n","protected":false},"excerpt":{"rendered":"<p>Informasjon til pressen fra Telemark R\u00f8de Kors Hjelpekorps Informasjonen p\u00e5 denne siden kan ansees som offisiell informasjon fra Telemark R\u00f8de Kors Hjelpekorps Benyttes informasjonen \u00f8nsker vi ogs\u00e5 at det refereres til v\u00e5re nettsider i artiklene. Bilder kan publiseres i nettaviser, &hellip;<\/p>\n<p class=\"read-more\"> <a class=\"more-link\" href=\"https:\/\/blog.telemarkrkh.no\/?page_id=36\"> <span class=\"screen-reader-text\">Presse<\/span> Read More &raquo;<\/a><\/p>\n","protected":false},"author":1,"featured_media":0,"parent":0,"menu_order":0,"comment_status":"closed","ping_status":"closed","template":"","meta":{"footnotes":""},"class_list":["post-36","page","type-page","status-publish","hentry"],"_links":{"self":[{"href":"https:\/\/blog.telemarkrkh.no\/index.php?rest_route=\/wp\/v2\/pages\/36","targetHints":{"allow":["GET"]}}],"collection":[{"href":"https:\/\/blog.telemarkrkh.no\/index.php?rest_route=\/wp\/v2\/pages"}],"about":[{"href":"https:\/\/blog.telemarkrkh.no\/index.php?rest_route=\/wp\/v2\/types\/page"}],"author":[{"embeddable":true,"href":"https:\/\/blog.telemarkrkh.no\/index.php?rest_route=\/wp\/v2\/users\/1"}],"replies":[{"embeddable":true,"href":"https:\/\/blog.telemarkrkh.no\/index.php?rest_route=%2Fwp%2Fv2%2Fcomments&post=36"}],"version-history":[{"count":1,"href":"https:\/\/blog.telemarkrkh.no\/index.php?rest_route=\/wp\/v2\/pages\/36\/revisions"}],"predecessor-version":[{"id":811,"href":"https:\/\/blog.telemarkrkh.no\/index.php?rest_route=\/wp\/v2\/pages\/36\/revisions\/811"}],"wp:attachment":[{"href":"https:\/\/blog.telemarkrkh.no\/index.php?rest_route=%2Fwp%2Fv2%2Fmedia&parent=36"}],"curies":[{"name":"wp","href":"https:\/\/api.w.org\/{rel}","templated":true}]}}